base 3, what is -1 + 1022122002?
1022122001
In base 5, what is 204431 + 23?
210004
In base 13, what is 13 + 349?
35c
In base 12, what is 3 - -67a38?
67a3b
In base 8, what is 5204 - -4?
5210
In base 12, what is -5305 + -a?
-5313
In base 15, what is 28 + 5ea?
623
In base 3, what is -2001202010 - 20?
-2001202100
In base 4, what is -2230 - 22332?
-31222
In base 14, what is -689 - -1?
-688
In base 3, what is -11212120001121 + -11?
-11212120001202
In base 6, what is -3 - 314134?
-314141
In base 10, what is -363 - 1941?
-2304
In base 10, what is 4 + -5891?
-5887
In base 16, what is 20c3 - -59?
211c
In base 11, what is 590 - 78?
513
In base 7, what is -4 + 112304?
112300
In base 9, what is -2162374 + -5?
-2162380
In base 9, what is 70572 + 1?
70573
In base 3, what is 2202 + 222001?
1001210
In base 9, what is -10541 - 2?
-10543
In base 6, what is -51330 + 2?
-51324
In base 11, what is -444 + 4?
-440
In base 3, what is 1102002 - -122?
1102201
In base 15, what is -a48a4 + 4?
-a48a0
In base 11, what is -26091 - 1?
-26092
In base 13, what is -4 + 21799?
21795
In base 14, what is -437 - 12?
-449
In base 2, what is -111010110000 - 11001111?
-111101111111
In base 15, what is 161 - 34?
12c
In base 16, what is 5 - 4da27?
-4da22
In base 14, what is -1b02 + -5?
-1b07
In base 6, what is -3 + -10440150?
-10440153
In base 15, what is -4c8 - -a8?
-420
In base 10, what is 134101 + -3?
134098
In base 14, what is 7 + -13c774?
-13c76b
In base 9, what is -427238 - 3?
-427242
In base 3, what is 1 - -22222211?
22222212
In base 5, what is -4 + 220021?
220012
In base 15, what is -2abc9 - 3?
-2abcc
In base 2, what is 10101010100010101001 - -101?
10101010100010101110
In base 5, what is 21031 - 13?
21013
In base 10, what is -977 - -3?
-974
In base 16, what is 5 - -3dab?
3db0
In base 3, what is 1021002222 + -120?
1021002102
In base 6, what is -3135 + 23?
-3112
In base 4, what is -11311211 - -11?
-11311200
In base 9, what is -87056 - -4?
-87052
In base 15, what is 3 + -7d93?
-7d90
In base 6, what is -235 + -5340?
-10015
In base 4, what is -230011 - 121?
-230132
In base 4, what is 10 + -2120200333?
-2120200323
In base 12, what is -15 + -14?
-29
In base 5, what is 3303133100 + -3?
3303133042
In base 2, what is 11100000011001100 + 10?
11100000011001110
In base 14, what is 91 - 1533?
-1482
In base 6, what is -1404 + -140?
-1544
In base 8, what is -50 + 7756?
7706
In base 2, what is 1111000101 + -1010?
1110111011
In base 7, what is -6 + -4265435?
-4265444
In base 7, what is -23 - 214?
-240
In base 2, what is 10100100101000011010001 - 101?
10100100101000011001100
In base 4, what is 100013302 + -1?
100013301
In base 14, what is -38a - 976?
-d22
In base 14, what is -55 + -100b?
-1062
In base 2, what is -1 + 1011001101110?
1011001101101
In base 10, what is 1023663 - -1?
1023664
In base 2, what is -11000111000001101000 + -1?
-11000111000001101001
In base 2, what is 101011000 - -1101011?
111000011
In base 14, what is 1 - b89?
-b88
In base 11, what is 3a + 459?
498
In base 8, what is 63663 + 52?
63735
In base 5, what is 22 + -4112422?
-4112400
In base 9, what is 5 - -42312?
42317
In base 14, what is 4d94 + -1?
4d93
In base 12, what is 44 - 54?
-10
In base 4, what is -23 + 322032?
322003
In base 15, what is -7 - a19?
-a21
In base 12, what is -8b + 4282?
41b3
In base 13, what is -405 + -87?
-48c
In base 8, what is 25742 - 5?
25735
In base 4, what is 112222000 - -2?
112222002
In base 5, what is -13404 + 304?
-13100
In base 5, what is -211242230 + -1?
-211242231
In base 14, what is -dbc - 3c?
-101a
In base 3, what is -200212 - -1201222?
1001010
In base 12, what is 11 + 29b4?
2a05
In base 9, what is -168 + 1278?
1110
In base 5, what is 3433 + -401?
3032
In base 11, what is -8943 - 48?
-8990
In base 9, what is -1 + -861230?
-861231
In base 12, what is -4b94bb - -4?
-4b94b7
In base 2, what is -10110111001 + -100110101010?
-111101100011
In base 4, what is -2 - 11323032?
-11323100
In base 9, what is -138187 + -1?
-138188
In base 8, what is 10 - 4531?
-4521
In base 11, what is 111 + -451?
-340
In base 16, what is 5 + -c1e7?
-c1e2
In base 8, what is -62110 - 5?
-62115
In base 2, what is -101100100011 + 11110110100?
-1101101111
In base 5, what is 1304 - 14303?
-12444
In base 2, what is -1111101000 + -11000?
-10000000000
In base 4, what is -13220 + 11023?
-2131
In base 3, what is -1122002 + -101222?
-2001001
In base 13, what is 3 + 68b4?
68b7
In base 5, what is 2334 - 314332?
-311443
In base 3, what is 1201021 - -20011?
1221102
In base 2, what is 1011100111101111000100 + -101?
1011100111101110111111
In base 6, what is 2212214 - -3?
2212221
In base 5, what is 1 + 1443111?
1443112
In base 15, what is -6 - -1a69?
1a63
In base 4, what is 1113121 + 10?
1113131
In base 16, what is 1e - -7f1?
80f
In base 13, what is -204 - -1?
-203
In base 9, what is 1383 - -687?
2181
In base 2, what is -1110 + 11101011100000011?
11101011011110101
In base 2, what is -111010 - 10000000111?
-10001000001
In base 3, what is 21220102 + 110110?
22100212
In base 14, what is 37 - -3963?
399a
In base 3, what is 2112210 - 220?
2111220
In base 15, what is -7ab - 175?
-931
In base 7, what is -11 + 23314?
23303
In base 4, what is -1021322 + -330?
-1022312
In base 14, what is 95 + 1c?
b3
In base 15, what is -b22c - 5?
-b232
In base 9, what is -72 - -3280?
3207
In base 13, what is -5 - -1c5c5?
1c5c0
In base 13, what is 761a9 - 1?
761a8
In base 4, what is -3 + -111210?
-111213
In base 7, what is 3605 + 305?
4213
In base 3, what is -112 - 112010021?
-112010210
In base 12, what is 8b3b2 + 3?
8b3b5
In base 13, what is 61ac - -c?
61bb
In base 11, what is -42107 + 3?
-42104
In base 6, what is 14201 + 103?
14304
In base 5, what is -10 - -132214?
132204
In base 7, what is 1 - 114353?
-114352
In base 3, what is -12022 - 2202000?
-2221022
In base 16, what is c - 2f2ba?
-2f2ae
In base 9, what is -771 + -66?
-847
In base 8, what is 53 + -167464?
-167411
In base 2, what is 1011011011010110111101 - 10?
1011011011010110111011
In base 3, what is -2 + 1010212111?
1010212102
In base 4, what is -11 + -2300120?
-2300131
In base 5, what is 1213212 - 3?
1213204
In base 9, what is 45207 + -72?
45125
In base 16, what is 30831f - 0?
30831f
In base 9, what is 2 + -26330?
-26327
In base 14, what is -4 + 300a78?
300a74
In base 6, what is 11412 + 13?
11425
In base 13, what is -6 + -c80c?
-c815
In base 13, what is 2371 + -15?
2359
In base 8, what is -5 + -10646?
-10653
In base 6, what is -3 + 30142532?
30142525
In base 6, what is 243110 - -40?
243150
In base 7, what is -3034152 - -5?
-3034144
In base 11, what is 8 - -495?
4a2
In base 5, what is 122240 + 1?
122241
In base 16, what is f7c3 - 5?
f7be
In base 9, what is -4 + -1062600?
-1062604
In base 7, what is 2 - 30462?
-30460
In base 2, what is -11000111000110 + -111?
-11000111001101
In base 10, what is 5 + 92608?
92613
In base 15, what is -5 + -b5d1a?
-b5d20
In base 6, what is -4 - 11201?
-11205
In base 10, what is 6 + -363778?
-363772
In base 11, what is 6a - 2956?
-2897
In base 14, what is -168 + -29a?
-424
In base 12, what is 352 - 40?
312
In base 14, what is -1 - a5b?
-a5c
In base 5, what is 1201120 + 12?
1201132
In base 15, what is 382d - 21?
380c
In base 11, what is -2418 + -76?
-2493
In base 8, what is 5 + 263005?
263012
In base 15, what is 56 + -139?
-d3
In base 8, what is -24163 + 102?
-24061
In base 16, what is -a3db - -6?
-a3d5
In base 9, what is -6275 - 15?
-6301
In base 5, what is 1133432 - -32?
1134014
In base 12, what is -74b - 46?
-795
In base 2, what is 1000111010100001011 - 0?
1000111010100001011
In base 6, what is 0 - -1403540?
1403540
In base 9, what is 3264 + -52?
3212
In base 10, what is 24464 - 20?
24444
In base 7, what is 243306 - -5?
243314
In base 11, what is 5 - -181886?
181890
In base 13, what is -b + -33c?
-34a
In base 8, what is 3602 + 32?
3634
In base 8, what is -74 - 540?
-634
In base 10, what is 198055 + 5?
198060
In base 13, what is 4 + 60c?
613
In base 4, what is -1201123 - 1?
-1201130
In base 3, what is -220 - -11201101000?
11201100010
In base 11, what is -3 - 11686?
-11689
In base 16, what is -eb - -7c9?
6de
In base 13, what is -2 + 30ca?
30c8
In base 7, what is 135035 + -3?
135032
In base 15, what is -2 - -215d7?
215d5
In base 4, what is 2033033 + -22?
2033011
In base 10, what is